 6) + -9 + 52.
39
-74 - ((4 - -1) + (-13 - -29 - 3) + -24)
-68
What is -28 + 2 + (10 - (-60 + 92))?
-48
(72 - (5 + 18 + -16 - -6)) + -19
40
Evaluate 54 - 103 - -15 - (-7 - 1) - (12 + -4).
-34
What is the value of -49 + 163 - (34 - 32)?
112
Evaluate 16 + 5 + (89 - 1) + -35.
74
Evaluate -46 + (46 - 10) - -18.
8
What is the value of (-19 + 2 - 1) + (-268 - -249)?
-37
What is 1 + 16 + -10 - (44 + 63)?
-100
22 + -24 + 32 + (-6 - -9 - -2)
35
What is the value of 122 + (34 - 186) - -153?
123
What is (-18 - -1 - -36) + (21 - (5 + 102))?
-67
Calculate -85 - (29 - 3 - 11 - (10 - 1)).
-91
What is 28 + 3 - 10 - (135 - 115)?
1
Calculate (0 + 15 - 18) + -19 + 85.
63
Evaluate 0 + 6 + (-2 - -47 - (0 + 4 + 1)).
46
Calculate -8 - -28 - (6 + -5) - -4.
23
Calculate 93 + (423 + -426 - (-19 + (0 - -2))).
107
What is the value of 1 - 23 - (-23 - (37 - 80))?
-42
Calculate 1 + -1 + -2 + 124 + -186 + -11 + -9.
-84
What is the value of (-26 - (-26 + 34 + -3)) + -61?
-92
Calculate -6 - (-130 + 57 + 70 - (2 - 4 - -3)).
-2
Evaluate -1166 - -1160 - ((5 - (1 - 0)) + -58).
48
9 - (11 - -14) - (2 + 3 + -8)
-13
Calculate (-16 + 1 + 8 + -17 + 16 - -33) + 5.
30
What is 1 - (3 - -17) - (418 + -410)?
-27
What is the value of -4 + (14 - 16) + 9 - (-2 + -4)?
9
What is 20 + -20 + (11 + -8 - -5 - -26)?
34
Calculate 0 + 1 + -4 + (-118 - (-114 - (-64 - -35))).
-36
Evaluate (-24 - (-37 - -7)) + (2 + -6 + 8 - 133).
-123
62 + (4 - (94 + -59))
31
What is (-3 - -4) + -4 + (-45 + 12 - -52)?
16
Calculate (-32 - -9) + 4 + -31 + 12.
-38
Calculate -19 - (40 - 26) - (6 + -7 - 14).
-18
Evaluate 2 - 16 - (-30 - (63 - 29)).
50
What is -37 + -17 + 1 - -5 - 25?
-73
What is 115 + 32 + -121 + -36 + 1?
-9
What is the value of 3 - 0 - -24 - (-101 + -194 - -301)?
21
(97 - ((0 - -4) + -6) - 11) + 15
103
Evaluate -33 + -31 + 104 + (2 - (1 - 5)) - -10.
56
Calculate (-23 - -13) + (16 - (-21 + 5) - 18).
4
-29 + -51 + 24 - 11
-67
-47 + (-68 + 50 - -38 - 41)
-68
75 + -62 + -57 + 8 + -2
-38
Calculate -449 + 496 + 0 + 0 + 3 + -5.
45
Calculate -1 + 32 - (81 - -41) - -28.
-63
What is -8 + 135 + 1 - (43 - (1 - -34))?
120
What is the value of -13 - (-43 + -11 + 10 + 15)?
16
-14 + 20 - (-10 + 20 - 11)
7
(-1 - -39) + (16 - (2 + 31) - -27)
48
-19 - (48 + -27 + -28 - 12) - (26 - -2)
-28
What is 10 + -6 - (-8 - (24 + -21) - 80)?
95
Calculate 1 + (-2 - 36) + (23 - -1) + (3 - 22).
-32
What is the value of (27 - (164 + -26)) + -5 + 12?
-104
What is the value of (-1 + (1 - -8) - (64 - 38)) + 0?
-18
11060 + -10948 + (-1 - 54)
57
What is -24 - (-62 + -34 - 13 - -39)?
46
What is -96 + (105 - (11 - -38))?
-40
Calculate 31 + 66 + -140 + (-1 - -9 - (2 + -2)).
-35
What is the value of -1 + ((-17 - -19) + -10 - -31)?
22
-36 - (-15 - (-3 + 12 - 8))
-20
What is the value of -1 + (5 - (-8 + 10 + 7)) - -2 - 36?
-39
Calculate ((-1 - 1) + (-10 - -6 - -13) - 5) + -42.
-40
What is 11 + -21 + -7 + 12 - (5 + -77)?
67
Calculate -15 + 2 + (-18 - 67) + 28.
-70
(-96 - -40) + 70 + (-11 - 1) - 13
-11
What is the value of (-79 + 38 - -11) + 38?
8
606 + -630 + (30 - (2 - 3))
7
What is 8 + (-16 - (3 + -11) - -3 - (-92 + -6))?
101
What is the value of -29 + (46 + -26 - 48)?
-57
What is (-51 - (-10 - 19) - -48) + -102 + (0 - 1)?
-77
Evaluate 8 + (0 - 15 - 45) + -2 + 2 + 4.
-48
What is the value of -15 - (-8 + -12 + 14 + -11) - -54?
56
Evaluate (-9 - (-115 - -25) - 20) + -15 + -3.
43
11 - (15 - 3 - (-20 + -2 + 60))
37
Calculate (-617 - -575) + (-1 - -33).
-10
What is the value of 1 + 110 - ((-23 - (-12 + -1)) + (6 - -4))?
111
Calculate -106 + 33 + -35 + 9.
-99
Calculate 47254 + -47369 - (-1 - (1 - 3 - -23)).
-93
-11 - (-21 + 20) - 27
-37
10 + -48 + 39 - 27
-26
Calculate 7 + 3 + 7 - (34 + -25) - 2.
6
Evaluate 10515 - 10557 - ((-6 - (3 - 6)) + (9 - 0)).
-48
What is -16 + (9 - 82 - -18) - (9 - (-2 + 0))?
-82
What is (109 - -1) + (-65 + 131 + -7 - 66)?
103
Evaluate -5 + 4 + (-16 - -1) - (25 - -17).
-58
Evaluate -2 + 2 + -1 + (-42 + 20 - (12 + 10)).
-45
What is 6 + -11 + 0 + -1 + -86 + 92?
0
Evaluate -19 - ((-33 - -30) + 37 + -118).
65
What is -18 + (380 - 418 - (0 - 5))?
-51
Calculate -6 - -1 - (191 + -219 + 54).
-31
Calculate (65 - 119) + -24 - -51.
-27
Calculate -9 + (8 + -1 - (13 - 5) - -31).
21
Evaluate 9 + 1 + 65 + -3 + -4 + -8 + 2.
62
9 + -87 + (19 - 38) + 8
-89
Calculate -17 + -6 + 20 + -6 - (-40 + -14).
45
-10 - (5 - (1 - 9 - -1 - -42))
20
-46 + (-4 + -15 - -15 - (-18 - -10))
-42
Evaluate 55 + -15 + -25 - (25 + -16).
6
11 + -18 + (12 - 8) - (-60 - -5)
52
Calculate -17 + (-6 - -27) - (13 - -48).
-57
What is the value of (-19 - 40) + (12 + 13 - 2)?
-36
What is the value of (1 - 1) + (-16 + (32 - 7) - -6 - 13)?
2
What is the value of 0 - 19 - 0 - (2351 + -2339)?
-31
Evaluate (0 - 2 - (2 + -23)) + -1055 + 1069.
33
(-74 - -105) + -125 + 116
22
Evaluate 0 + 8 + -14 + (-142 - -111).
-37
Calculate 6 + (10 - 1) + 33.
48
Evaluate -20 + 100 + 4 + 0.
84
What is the value of 497 - 499 - (6 + -8 + 5)?
-5
-25 + 21 + -7 + 17 + 3 + 39
48
What is (-74 - (-28 - 65) - (9 + -2)) + -105?
-93
Evaluate -3 + 1 + 131 + -16 + -160.
-47
Calculate -6 + (24 + -23 - (3 - 7) - (-1 - -43)).
-43
What is 68 + -57 + 44 + -30?
25
What is -1 + -19 + (-30 - (-74 + -32))?
56
Calculate 3 + 16 + -6 + (-6 - 3) - 63.
-59
Evaluate 31 + (182 - 171) + -4 + -1.
37
Evaluate -87 + -5 + (1 - -3) + (21 - (37 + -2)).
-102
-76 + (1 - 1) + (-519 - -528)
-67
What is the value of (8 - 0) + (-769 - -754 - (1 - 7))?
-1
What is 10 + -80 + -6 + 9 + (3 + 6 - 3)?
-61
Evaluate -36 - (-25 - 0 - (-1102 - -1147)).
34
(68 - 38) + -16 - -8
22
What is the value of -102 - (27 + (-30 - 6) + 18 - (1 + 22))?
-88
What is the value of 905 - 909 - ((-2 - (0 - 62)) + 0)?
-64
Calculate -12 - (-9 - -5) - (6 - 1) - -47.
34
(-5 - 11) + -173 + 217 + -31
-3
Evaluate 0 + 6 + -4 - ((7 - 2) + 33 - 10).
-26
What is the value of -34 + -19 + -6 + 58 + 23?
22
113 + (70 - 32) - 43
108
What is the value of (75 - 82 - (2 + 0)) + -11?
-20
1 - (100 - 19) - -2 - (-19 + 11)
-70
1 + 67 + (11 - 1) + (-56 - (-49 + 16))
55
Calculate -184 + 99 + -108 + 96.
-97
What is the value of -45 - (-31 - (-23 - -16)) - 31?
-52
What is (-51 - -1 - (22 + (-34 - -11))) + 1 + 2?
-46
What is the value of -8 + 9 + -14 - (-1 - -12) - -9?
-15
Evaluate 5 - 54 - (-114 + 57).
8
Evaluate (20 + -39 - -86 - (-14 - 3)) + -14.
70
What is -71 - ((-15 - -29 - 7 - (8 + 1)) + -3)?
-66
Calculate (-31 - (-92 - -41)) + 27.
47
Calculate (-22 - 35 - -36) + 8 + 21 - (0 + 9).
-1
(-19 - (-53 + 9) - -8) + -10
23
What is -1 + -42 - (4 - (236 + -248))?
-59
What is the value of -15 - (32 - 4 - (169 + -41))?
85
Evaluate 191 + -215 - (-8 - -6 - (2 - -13)).
-7
-542 - -457 - (-92 - 7)
14
Calculate -21 - -113 - (-6 - 16 - -58).
56
What is the value of -39 + -4 + 265 + -243?
-21
Evaluate -45 + 57 + -42 - (-92 + 5).
57
Calculate 11 + -21 + 24 + (-2 - 6) + (0 - 2).
4
What is the value of -14 + 1 - (-472 + 469 + (11 - 10))?
-11
Calculate 43 - (27 + 52) - (5 + (-5 - (-3 - -4))).
-35
What is the value of (-96 + 10 - -55) + -79?
-110
What is the value of 1 + 6 + 12 + (51 - 56) + (3 - -123)?
140
-39 - (61 - 41 - 47) - (1 - 10) - -75
72
-58 + -45 - -70 - -34
1
-1 + 6 - (-49 + 35 - -12) - -24
31
Evaluate (140 - 62) + (257 - 219).
116
Evaluate -78 + (10 - 0) - (-12 - 2).
-54
6 + (-27 - (3 + -13) - 25)
-36
Evaluate -7 - (23 - (5 - 13 - 1)).
-39
1 - -2 - (-26 - (-50 + 44)) - (8 - -3)
12
What is the value of 198 - (11 - -55 - -37)?
95
What is 15 + -13 + 21 + -37 - (-17 + -2)?
5
What is the value of 91 + -2 - (-5566 - -5664)?
-9
Evaluate 5 + 14 - (-68 + 57) - 13.
17
Calculate -3 + -43 + 9 - (12 + 0) - (-1 + -6).
-42
Evaluate 24 + (-29 - (27 + -40)) - 119.
-111
Calculate -13 + -36 + -7 + -19 + 21.
-54
-19 + (9 + 0 - (-5 + -22 - -28)) + -22
-33
What is 77 + (-106 - -112) + 0 + 9 + -17?
75
What is the value of 67 - (34 + (-24 - -43))?
14
(33 - (53 - -12)) + 57 + -35
-10
Evaluate (6 - 6) + 7 + -10 + -54 - (7 - 5).
-59
48 - (294 + -255 - (3 - -19))
31
-67 + -156 + -128 + 416
65
-26 - (-468 + 439 + (2 - -23))
-22
Calculate 12 + (4 - 13) + (-2 - -7) + 33.
41
What is the value of 3 - (4 - 2 - (89 - (-7 + -3 - 0)))?
100
What is the value of (15 - (-100 - -38)) + -24?
53
Evaluate -66 + -17 + 83 + 0 + 24.
24
What is the value of 81 + (0 - (-65 - -32)) + 8?
122
Calculate 1 + -1 + 14 + -19 + (-5 - -12).
2
Evaluate 89 + -50 + 